et j be c(-6). Let d be (-8 + j)*21/(-9). What is the highest common divisor of 14 and d?
7
Let c = 81 + -47. What is the greatest common factor of c and 51?
17
Suppose -4*k = -54 - 6. Suppose -5*o + 13 = r, 3*o - o = -5*r + 19. Calculate the highest common factor of k and r.
3
Let w(p) = p**3 + p**2 - 2*p + 78. Let n be w(0). What is the highest common divisor of 26 and n?
26
Let t = 73 + -43. Let h = 13 + -10. Suppose -h*p = -140 + 5. Calculate the greatest common divisor of p and t.
15
Let z = 51 + 26. Calculate the greatest common divisor of 11 and z.
11
Let r(a) = 34*a**3 - a**2 + 1. Let l be r(1). Calculate the greatest common factor of l and 136.
34
Suppose -4*i + 4*j - 8 = 0, -6*i - 5*j = -4*i - 31. Suppose 0*p = -p. Suppose p = i*u - 0*u - 120. What is the highest common factor of u and 8?
8
Suppose 0 = -6*g + 3*g + 6. Calculate the greatest common divisor of g and 14.
2
Let l be (2/8*3)/((-5)/(-120)). What is the highest common factor of l and 18?
18
Let n = -677 - -956. Suppose n = 5*k + 4. Suppose -5*p + 3 = -7, 3*y - 3*p = 9. Calculate the highest common divisor of y and k.
5
Suppose -5*q + 103 = -317. What is the highest common factor of q and 28?
28
Let h be (-2)/(-7) - (-640)/14. What is the highest common divisor of h and 506?
46
Suppose 2*r + 4*h = -48 - 98, 0 = -5*r - 4*h - 359. Let c = 107 + r. Let b be (-25)/2*c/(-5). Calculate the highest common divisor of b and 10.
10
Let b = -10 + 7. Let q be -10*b*2/4. Suppose -3*d + 2*d + 44 = 4*a, 56 = d + a. What is the highest common factor of d and q?
15
Suppose 2*h + 11 = -3*g - 56, -5*g = -3*h + 80. Let o = g + 44. Calculate the highest common factor of 5 and o.
5
Let s(q) = -q**3 + 13*q**2 - 13*q + 9. Let a be s(11). What is the greatest common divisor of a and 27?
27
Suppose 3*g = -2*g. Suppose 8 = -g*y + 2*y, 5*b = -3*y + 72. Let w = -10 - -14. Calculate the greatest common divisor of w and b.
4
Suppose -8 = -3*b - 2. Suppose k = 9 - b. What is the highest common factor of 63 and k?
7
Let b be (15/(-5))/((-3)/5). Let d(q) = 0*q - 2*q + 2*q**2 - q**2 - 4. Let p be d(b). What is the highest common factor of 99 and p?
11
Let l(w) = -2*w**3 - w + 3. Let b be l(-3). Suppose -11*d + b = -8*d. What is the greatest common divisor of 8 and d?
4
Let t(i) = 3*i - 1 + 6*i**2 + i**2 - 3*i**2. Let u be t(-3). Calculate the highest common factor of 13 and u.
13
Suppose -4*b = -4*p - 84, -4*p = -0*b + 4*b - 52. Suppose b = -5*n + 97. Calculate the highest common factor of n and 24.
8
Suppose 0 = 5*l - 4*v + 2, 3*v = -l + 4*l + 3. Let p be (2/6)/(8/24). Let q be p/2 - (-11)/l. What is the greatest common divisor of q and 24?
6
Let l(a) = -9*a - 3. Let m be l(-3). What is the highest common divisor of 3 and m?
3
Let a be -6*(-2)/(-4)*-2. Suppose a - 2 = -4*t. Let g be 7/1 + t/1. Calculate the highest common factor of g and 6.
6
Let n = 6 - 6. Suppose -96 = -3*d - n*d. Let q(b) = b**2 - b + 2. Let m be q(3). What is the greatest common factor of d and m?
8
Let i(l) = l**3 - l**2 + 45. Let t(k) = k**2 - k. Let u be t(0). Let w be i(u). What is the highest common factor of 5 and w?
5
Let r(n) = -15*n + 1. Let v be r(-2). Suppose -p + v = -5. What is the greatest common divisor of 12 and p?
12
Let u = -44 - -86. Calculate the greatest common factor of 63 and u.
21
Suppose 0 = -r + 6*r - 3*m - 22, 0 = 4*m + 16. Suppose -7*f + 30 = -r*f. Calculate the greatest common divisor of 54 and f.
6
Let f = -3 - -3. Suppose 5*b = -y + 4*y, f = 4*b + 3*y. Let p be 7 - (b + -4 + 2). Calculate the highest common factor of 63 and p.
9
Suppose -5*x - 15 + 35 = 0. Calculate the highest common divisor of x and 16.
4
Let w(x) be the first derivative of -4*x**2 + 2*x - 2. Let v be w(-2). Calculate the greatest common factor of 162 and v.
18
Let m(n) = -n**3 - 9*n**2 + 11*n + 15. Let d be m(-10). What is the greatest common factor of 2 and d?
1
Suppose 0 = -5*q - 4*c + 105, 0 = -5*q - 0*c - c + 90. What is the highest common factor of q and 17?
17
Let g be 0*(0 - 1/2). Suppose z + 5 = 2*z. Suppose g = 3*a - j - 16, -22 - 3 = -z*a + 2*j. What is the greatest common factor of a and 35?
7
Let b be (3 + -1)/(1*(-2)/(-13)). Calculate the highest common factor of b and 26.
13
Suppose -k - 112 = -4*v - 5, -3*k - 139 = -5*v. What is the highest common divisor of v and 65?
13
Let r be 19 - (-5 - -3 - -5). Let j = r - 12. Calculate the highest common divisor of 1 and j.
1
Let l(d) = -d - 1. Let p(m) = -6*m + 12. Let x(w) = -12*l(w) - p(w). Let a be x(11). Let q be (1 - 2)*-1*18. What is the highest common divisor of q and a?
18
Let d(l) = 0*l - 5*l**2 + l - 5*l. Let k be d(3). Let n be (-9)/(-6) + k/(-2). Calculate the greatest common factor of 6 and n.
6
Let o be 5/((-15)/4)*-120. Let f(r) = 7*r + 2. Let q be 10/4*(-4)/(-5). Let w be f(q). Calculate the greatest common divisor of o and w.
16
Suppose -39 = h - 4*h. What is the greatest common factor of h and 143?
13
Let v be 2/3 - (-14)/(-3). Let t = -3 - v. Let h be -2 - (2 + -8 + t). What is the highest common divisor of h and 15?
3
Suppose 251 = 4*m - y, -5*y - 36 = -m + 3. What is the highest common divisor of m and 160?
32
Let n(p) = 12*p - 51. Let x be n(7). What is the greatest common divisor of x and 3?
3
Let a be 2 - -1*1*0. Let b be 2/3*(-39)/(-2). Suppose 0*y = y + a*j - b, -5*y = -j - 54. What is the highest common divisor of y and 22?
11
Let u = -13 - -134. Calculate the greatest common factor of u and 11.
11
Let p = -2 - -2. Suppose 0 = 4*u - 5*y - 196, p*y = -3*u + 4*y + 146. What is the greatest common divisor of u and 6?
6
Let r be (-3*1)/((-24)/16). Let j be -15*(0 + r - 3). What is the greatest common divisor of j and 135?
15
Let r be -2 - (-2 + (3 - 3)). Suppose r = -5*k - 5*y - 10, -5 - 4 = 3*y. Calculate the highest common divisor of 1 and k.
1
Let q(k) = k**3 + 8*k**2 - 4*k + 3. Let b be q(-6). Let u = 5 - -4. What is the highest common factor of b and u?
9
Let h(u) = -8*u + 12. Let b be h(5). Suppose -5*v + 30 - 4 = -2*g, g - 3*v + 14 = 0. Let q be g/b + 150/14. What is the greatest common factor of q and 22?
11
Let j be ((-24)/(-16))/(6/160). Calculate the greatest common divisor of 16 and j.
8
Let d = 188 + -100. What is the greatest common factor of 8 and d?
8
Let g(a) = -a**2 + 2*a + 2. Let r be g(3). Let q = r - -4. What is the greatest common factor of q and 12?
3
Let z(q) = 8*q - 6 - 5*q**2 + q**3 + 2 - 3*q**2. Let w be z(7). Suppose 8*g - 100 = w*g. Calculate the highest common divisor of 8 and g.
4
Let f be 1*((-2 - -1) + 12). Calculate the greatest common divisor of f and 11.
11
Let g(h) = -h**3 - 8*h**2 - 4*h - 15. Let q be g(-9). Calculate the highest common divisor of q and 6.
6
Suppose -u + 20 = 3*u, 3*f - 5*u + 1 = 0. What is the highest common factor of 32 and f?
8
Suppose 8*m - 165 + 5 = 0. Calculate the greatest common factor of m and 180.
20
Let l = -46 + 67. Calculate the greatest common divisor of l and 14.
7
Let i = 0 - -10. What is the greatest common factor of 50 and i?
10
Let b = 9 - -6. Let y(o) = -o**2 + 19*o - 20. Let i be y(b). What is the greatest common factor of 20 and i?
20
Let k(g) be the first derivative of -1 + 1/2*g**2 + 0*g**3 + 1/4*g**4 + 20*g. Let z be k(0). Calculate the highest common divisor of z and 50.
10
Let b = 51 + 34. Calculate the highest common divisor of b and 17.
17
Suppose 904 = 4*u - 0*o + 4*o, -2*o - 436 = -2*u. Let n = 330 - u. What is the greatest common factor of 12 and n?
12
Suppose -5*u = 5*p - 270, 2*u + 258 = 5*p + u. Calculate the highest common factor of p and 78.
26
Suppose 3*z - 6*z + 2*o + 92 = 0, 0 = z - 2*o - 36. Let u(p) = p + 1. Let y be u(6). Calculate the greatest common factor of y and z.
7
Suppose -3*j = -j - 10. Suppose -12 = -j*l + 23. What is the highest common divisor of 1 and l?
1
Suppose 54*w + 112 = 61*w. What is the greatest common factor of 20 and w?
4
Let o(s) = s**2 + 5*s - 7. Let f be o(-7). Let z = f + -5. Suppose -2*a = 4*c - 5*a - 137, 0 = -z*c - a + 61. What is the highest common divisor of c and 80?
16
Suppose 0 = -4*f + 8, f = -t - 4*f - 7. Let l = t - -31. Suppose 0 = g - l. Calculate the highest common factor of 70 and g.
14
Let a(l) = -2*l - 13. Let b be a(-8). Calculate the greatest common factor of b and 2.
1
Let f(k) = -13*k - 19. Let x be (-4)/(-2) - 